number?
True
Suppose -2*b - 3 = -7. Let g(q) = q**2 + 8*q - 16. Let m be g(-10). Suppose -20 = -m*a - b*k, -12 = -3*a - 3*k - 3. Is a prime?
True
Suppose 133*q = 138*q - 25. Suppose 835 - 11180 = -q*k. Is k prime?
True
Is (-1733853)/(-27) - (-22)/99 prime?
True
Suppose -s + 188 = 186. Suppose -285594 = -4*r - s*r. Is r a prime number?
True
Let r(v) = 2*v**2 - 16*v - 13. Suppose -3*k = -1 - 26. Let f be r(k). Is -2 + f + 7 + 492 a composite number?
True
Let p = 50 - 120. Let y = -69 - p. Is 499 - (-5 + 1/y) prime?
True
Let j(s) = s + 10. Let v be j(-8). Let r be 4674/(-152) - v/8. Let c(u) = u**2 + 9*u - 5. Is c(r) prime?
True
Let o(h) = -3*h**2 + 39*h - 30. Let n be o(12). Let y(m) = 752*m + 35. Is y(n) prime?
True
Let k(y) = -23*y**3 - 8*y**2 - 13*y - 14. Let r be k(-6). Let p = 9117 - r. Is p composite?
False
Let w(i) be the second derivative of -32*i**3/3 + 25*i**2/2 - 3*i. Let l be w(-6). Let d = 1062 - l. Is d composite?
False
Let l(f) = -2*f + 32. Let a be l(10). Is 3*(a/8 + 39845/30) a composite number?
False
Let u(w) = 269*w**2 - 46*w + 196. Is u(-27) composite?
False
Let x(r) = 1002*r**2 - 127*r - 28. Is x(13) a composite number?
True
Let m = -37 + -7. Let c = m + 48. Suppose l - 965 = c*q, 3*q + 2*q = 2*l - 1936. Is l a composite number?
True
Suppose -43 = 2*w - 6*w + n, -2*n = -2*w + 26. Suppose 8*u = w*u - 1462. Is u a prime number?
False
Let r be (-694 + 1)*(-2)/(-3). Let q = r - -755. Is q prime?
True
Suppose -452276 = -f + 2*j - 61337, 2*j - 390967 = -f. Is f composite?
False
Let q be 0 + 0 + -1 - -2. Let m(v) = 254*v**2 + v. Let t be m(4). Is -5*(t/(-15) + q - 2) a composite number?
False
Suppose 807281 = 30*y - 29689. Is y prime?
False
Suppose 5*i = -5*a + 64936 + 520224, 0 = a - 1. Is i composite?
True
Let h = 5031 + -47155. Let i = h + 59289. Is i a prime number?
False
Let j(q) = 8*q - 112. Let v be j(18). Suppose -25*u - 70231 = -v*u. Is u composite?
True
Suppose 322 = 3*f - 4*t - 16, -3*t = 2*f - 214. Let a = 106 - f. Is (a - (2 - 5))*-515 prime?
False
Suppose 13 - 21 = -b. Suppose 1250 = -b*i + 18266. Is i composite?
True
Suppose -89303 + 457152 = 5*h - 10146. Is h a composite number?
True
Let m(p) = p**3 - 4*p**2 + p + 2. Let b be m(4). Suppose b*x - 5*x = 0. Suppose x = -2*q + k + 184 + 175, q = -2*k + 172. Is q prime?
False
Let g(d) = -d**3 + d**2 + d + 2449. Suppose -5*k - 8 + 8 = 0. Is g(k) a composite number?
True
Let m(f) = -f**3 + 2*f**2 + 652. Let c be m(0). Suppose -3*g + 5787 = 3*s, 2*s - c = -5*g + 8993. Is g a composite number?
True
Let u = -1 - -41. Let q = -41 + u. Let r(y) = -862*y + 1. Is r(q) prime?
True
Suppose 2*m - z = -2461, -4*z = -3*m + 4*m + 1235. Let n = m - -2439. Suppose 4*c = 356 + n. Is c a composite number?
True
Let p be (377/(-58))/((-2)/4). Let m(u) = 8*u**2 - 10*u + 139. Is m(p) composite?
False
Let o(l) = 3*l + 70. Let j be o(-7). Let u = 50 - j. Is ((-31220)/(-105))/(u - 2/6) a prime number?
False
Let l(t) = t**3 - 6*t**2 + 4*t + 16. Let h be l(-9). Let x = -586 - h. Let o = x - 426. Is o a prime number?
True
Let u = 36 - 51. Let n be (u/4)/3*-4. Suppose 2*a - 2772 = -a + 3*s, -n*a + 4575 = 4*s. Is a composite?
False
Let s(p) be the first derivative of 32*p**3 + 5*p**2/2 + 2*p + 4. Let k(a) = -7*a + 11. Let j be k(2). Is s(j) prime?
False
Let x = 302 + -315. Let v(k) = 31*k**2 + 62*k - 10. Is v(x) a composite number?
False
Let x(m) = -2*m**3 + 61*m**2 - 32*m + 62. Let s be x(30). Suppose 5*c + 4*q - s*q - 12481 = 0, -4988 = -2*c - 3*q. Is c a prime number?
False
Let m(t) = t**2 + 10*t - 16. Let y be m(-12). Let q be (y/12)/((-4)/(-24)). Suppose 244 - 60 = q*z. Is z composite?
True
Let z = 45253 - 2166. Is z a prime number?
False
Let z be 108/42 - (-4)/(-7). Suppose 2*i - 39 = -11*i. Suppose -z*k + 14886 = 5*p, 5*k = -i*p + 21849 + 15328. Is k a composite number?
False
Suppose -451125 = -5*f + 2*g, g + 90222 = 57*f - 56*f. Is f prime?
True
Suppose 112*p - 28714405 = -57*p - 16*p. Is p prime?
False
Let l(r) = -r**2 - 4*r + 1. Let h be l(-3). Suppose -h*g - 7 = 4*c - c, -g = 4*c + 18. Suppose 0 = 4*j + g*b - 4854, 0 = 4*b - 5 + 1. Is j composite?
False
Let l(b) = 434163*b + 640. Is l(1) a prime number?
True
Is (-6 + 2926425/(-20))/(9/(-12)) a prime number?
True
Suppose -4*b + 1587642 = 2*i, -b = -81*i + 78*i - 396914. Is b a composite number?
True
Suppose -4*x + 15*x = 1799611. Is x composite?
False
Suppose 2*h - 5*s - 12864 = 0, 2*h + 3*s - 3311 = 9585. Is h composite?
True
Let q(y) be the first derivative of 1204*y**2 - y + 65. Is q(1) a prime number?
False
Let v(k) = -k**3 + 5*k**2 + 8*k + 3. Let r be v(6). Let h(p) = -p**3 + 21*p**2 - 4*p + 37. Is h(r) a prime number?
True
Let a(i) = -566*i**3 - 3*i**2 + 5. Let k be a(-2). Suppose 7*c = 4*c + 2*z + k, 6028 = 4*c + 5*z. Is c composite?
True
Suppose 65*a - 16 = 63*a. Suppose 0 = -2*k + l + 2151, k = -3*l + a*l + 1098. Is k prime?
False
Let j(q) = -q**3 - 56*q**2 + 86*q - 603. Is j(-80) composite?
False
Let n = 2452 + -939. Is n composite?
True
Suppose 3*z - 76 = 17*b - 16*b, 5*b = 3*z - 68. Suppose -z*u + 32*u = 3522. Is u composite?
False
Suppose u - 293*j - 16488 = -288*j, 0 = 5*u + 5*j - 82530. Is u a composite number?
True
Let v(u) = -u**2 - 5*u + 6. Let m be v(-6). Suppose m = 4*a - 38 + 18. Suppose 11*r - 618 = a*r. Is r a composite number?
False
Let z(c) = 2289*c**3 - 5*c**2 - 533*c + 2129. Is z(4) composite?
True
Suppose 1002*q + 1733286 = 1008*q. Is q a composite number?
True
Suppose 9*q - 26 = 46. Let m(y) = 165*y - 1. Is m(q) a composite number?
False
Suppose -a = -108*i + 107*i - 308626, -3*a - 4*i = -925843. Is a a prime number?
True
Suppose 12*b = 3944664 + 2122956. Is (-36)/(-28) + -1 - b/(-35) a composite number?
False
Suppose 942 = x - 5*m, -4*x - m + 4809 - 1146 = 0. Let w = x - -2472. Is w a composite number?
False
Let c(x) = 3*x**3 + 3*x**2 - 2*x - 248. Let v be c(0). Suppose 1726 - 409 = 3*s. Let f = s + v. Is f composite?
False
Let o(t) = 3075*t**2 - 19*t - 81. Is o(10) a composite number?
True
Suppose 2*f = -2*a + 131506, 198*a + f = 193*a + 328765. Is a prime?
False
Is (-1040893)/(-9) + (854/610 - 53/45) composite?
True
Let q(k) = -5501*k - 752. Is q(-15) composite?
True
Let g = 111 - 104. Let p(z) = 10*z**2 + 9*z + 18. Is p(g) composite?
False
Let n = -1628461 - -3000666. Is n composite?
True
Suppose -4*i - 2*c + 40628 = 0, 5*i - 4*i = 4*c + 10166. Suppose -498*g + i = -492*g. Is g composite?
False
Let b(h) = -8*h + 35. Let x be b(7). Let s(k) = -268*k + 11. Is s(x) a composite number?
False
Let u = -12687 - -44638. Is u a composite number?
True
Let b be 12272/22 + 2/11. Let d = b + 5531. Is d composite?
False
Let v(d) = 39*d**2 + 2*d + 1. Let p be 6*((-3)/4)/((-15)/(-10)). Let r be (-1)/(p/((-18)/(-3))). Is v(r) a composite number?
True
Let r(t) = t**3 + 26*t**2 - 17*t + 33. Let w be 0*(-3)/(-3) - 25. Let n be r(w). Suppose 3*y + 3*k - n = 0, y - k + 53 - 414 = 0. Is y a prime number?
False
Suppose 0 = 3*y + h - 274327, -2*y - 3*h = -28445 - 154435. Suppose 37*c = 4*c + y. Is c composite?
True
Let v be (-24)/32*(-8)/2. Suppose 3*q - 99994 = -5*g, -2*q - 49862 = -v*g + 10123. Is g composite?
False
Suppose v - 10 = -3*z, -3*z + 0*z = -5*v + 14. Suppose n = -b + 22332, 4*n = 7*n + z*b - 66991. Is n composite?
True
Let r(j) = -j**2 + 11*j - 13. Let v be r(9). Suppose -v*o + 3584 = -2046. Suppose 5*l - o = 779. Is l a prime number?
False
Is (-29772867)/(-114) + 15/10 prime?
True
Suppose 9*t = 4*t - 20. Let p be ((-8)/(-5) + 0)/(t/(-10)). Suppose 1167 = -3*k + 4*k - p*d, -5*k + 3*d = -5767. Is k a composite number?
False
Let a(x) = -82769*x + 183. Is a(-4) a composite number?
False
Suppose -1 = 6*b - 1. Suppose b = -j - j + 326. Let v = j - 96. Is v a prime number?
True
Suppose -u - 2*u - r + 21 = 0, 2*r + 6 = 0. Suppose -40 = -u*x - 0*x. Suppose -1740 = -5*s + x*q, 0 = 4*s + 2*q + 3*q - 1437. Is s a composite number?
False
Let d be 0 + 5 + (-1 - (3 + -2)). Suppose -2*w = -3*t - 9668, -d*t = 5*w - 0*t - 24191. Is w a prime number?
False
Let y = -143 + 149. Suppose -1638 + 5412 = y*s. Is s composite?
True
Suppose 0 = -15*l + 5363 + 16267. Is (l - 3)*(10 + -9) a composite number?
False
Let b(n) = 17*n - 47. Let i be b(3). Suppose 0 = -2*x - 2*l + i*l + 2930, x - 1489 = -5*l. Is x prime?
False
Suppose 45*v = -26 + 1